{"id":52,"date":"2009-04-02T14:59:02","date_gmt":"2009-04-02T11:59:02","guid":{"rendered":"http:\/\/onmky.fi\/osastot\/koripallo\/blog\/?page_id=52"},"modified":"2026-04-29T16:07:46","modified_gmt":"2026-04-29T13:07:46","slug":"harjoitusajat","status":"publish","type":"page","link":"https:\/\/onmky.fi\/osastot\/koripallo\/blog\/harjoitusajat\/","title":{"rendered":"Harjoitusajat"},"content":{"rendered":"<p>[et_pb_section fb_built=&#8221;1&#8243; admin_label=&#8221;section&#8221; _builder_version=&#8221;4.16&#8243; width=&#8221;85.8%&#8221; global_colors_info=&#8221;{}&#8221;][et_pb_row _builder_version=&#8221;4.16&#8243; background_size=&#8221;initial&#8221; background_position=&#8221;top_left&#8221; background_repeat=&#8221;repeat&#8221; global_colors_info=&#8221;{}&#8221;][et_pb_column type=&#8221;4_4&#8243; _builder_version=&#8221;4.16&#8243; custom_padding=&#8221;|||&#8221; global_colors_info=&#8221;{}&#8221; custom_padding__hover=&#8221;|||&#8221;][et_pb_text _builder_version=&#8221;4.27.4&#8243; background_size=&#8221;initial&#8221; background_position=&#8221;top_left&#8221; background_repeat=&#8221;repeat&#8221; width=&#8221;100%&#8221; custom_padding=&#8221;0px|0px||||&#8221; use_border_color=&#8221;off&#8221; global_colors_info=&#8221;{}&#8221;]<\/p>\n<h1>Harjoitusajat ja -paikat<\/h1>\n<p>Muutokset mahdollisia, ajankohtaiset harjoitukset l\u00f6yd\u00e4t MyClubista.\u00a0<a href=\"https:\/\/onmky.myclub.fi\" target=\"_blank\" rel=\"noopener\">https:\/\/onmky.myclub.fi\/<\/a><\/p>\n<p>[\/et_pb_text][\/et_pb_column][\/et_pb_row][et_pb_row _builder_version=&#8221;4.27.4&#8243; _module_preset=&#8221;default&#8221; global_colors_info=&#8221;{}&#8221;][et_pb_column type=&#8221;4_4&#8243; _builder_version=&#8221;4.27.4&#8243; _module_preset=&#8221;default&#8221; global_colors_info=&#8221;{}&#8221;][et_pb_text _builder_version=&#8221;4.27.4&#8243; _module_preset=&#8221;default&#8221; hover_enabled=&#8221;0&#8243; global_colors_info=&#8221;{}&#8221; sticky_enabled=&#8221;0&#8243;]<\/p>\n<h3>TYT\u00d6T<\/h3>\n<p><strong>W2007-2009 WHITE (U19&amp;U17 TYT\u00d6T KILPA)<br \/><\/strong>P\u00e4\u00e4valmentaja: Jani Kilponen 0405431132 ja Stefano Rezzonico 0400848200<\/p>\n<p>Tiistai Rajakyl\u00e4 17.15-19.00<br \/>Keskiviikko Kastelli 16.30-18.30 (lopussa kuntosaliharjoitus)<br \/>Perjantai Rajakyl\u00e4 19.00-20.30<\/p>\n<p><strong>W2007-10 RED (U17 TYT\u00d6T HARRASTE)<br \/><\/strong>P\u00e4\u00e4valmentaja: Stefano Rezzonico 0400848200<\/p>\n<p>Keskiviikko Kastelli 16.30-18.30<br \/>Torstai Raatti 19.00-20.15<br \/>Perjantai Rajakyl\u00e4 19.00-20.30<\/p>\n<p><strong>W2011-2012 WHITE (U15 TYT\u00d6T KILPA)<br \/><\/strong>P\u00e4\u00e4valmentaja: Henna Jussila 044 3799808<\/p>\n<p>Maanantai Tuira 16.30-18.30 (lopussa oheisharjoitus)<br \/>Tiistai Maikkula ya 17.30-19.30<br \/>Torstai kuntosaliharjoitus Kastelli 18:00-19.30<br \/>Perjantai UUSI VUORO TULOSSA<\/p>\n<p><strong>W2011-2013 RED (U15 TYT\u00d6T HARRASTE)<br \/><\/strong>P\u00e4\u00e4valmentaja: Andra\u017e Ravnikar 0442438991 WhatsApp: +386 41 219 583<\/p>\n<p>Maanantai Tuira 16.30-17.45<br \/>Tiistai Kv. Koulu 19.00-20.00<br \/>Torstai J\u00e4\u00e4li 18.30-20.00<\/p>\n<p><strong>W2014-15 (U12 TYT\u00d6T)<br \/><\/strong>P\u00e4\u00e4valmentaja Stefano Rezzonico 0400848200<\/p>\n<p>Maanantai Kastelli 16.30-17.30 (puolet salista)<br \/>Keskiviikko Kastelli 19.00-20.00 (puolet salista)<br \/>Torstai Raatti 18.00-19.00<\/p>\n<p><strong>W2016-17 (U10 TYT\u00d6T)<br \/><\/strong>P\u00e4\u00e4valmentaja: Ermelinda Gashi 0406852581<\/p>\n<p>Maanantai Kastelli 17.30-18.30 yhdess\u00e4 poikien kanssa<br \/>Keskiviikko Maikkula ya 17.00-18.00<\/p>\n<p><strong>Supermikrot 2018 syntyneet ja nuoremmat<br \/><\/strong>P\u00e4\u00e4valmentaja: Ermelinda Gashi 0406852581<\/p>\n<p>Maanantai Kastelli 16.30-17.30 (puolet salista)<\/p>\n<h3>POJAT<\/h3>\n<p><strong>M2007-2008 WHITE (U19 POJAT)<br \/><\/strong>P\u00e4\u00e4valmentaja: Santeri Makkonen 0456382071<\/p>\n<p>Maanantai Ouluhalli 16.30-19.00<br \/>Tiistai Rajakyl\u00e4 16.00-17.30<br \/>Keskiviikko Ouluhalli 17.00-18.30<br \/>Perjantai Tuira 17.30-19.00<\/p>\n<p><strong>M2009 WHITE (U17 POJAT)<br \/><\/strong>P\u00e4\u00e4valmentaja: Essi Siponen 0407538776<\/p>\n<p>Maanantai Ouluhalli 18.15-19:30<br \/>Tiistai Myllyoja 20.00-21.30<br \/>Keskiviikko Kastelli 17.45-19.00<br \/>Perjantai Rajakyl\u00e4 17.30-19.00<\/p>\n<p><strong>M2009-2011 RED (U17 POJAT HARRASTE)<br \/><\/strong>P\u00e4\u00e4valmentaja: Joona Inkala 0401484339<\/p>\n<p>Maanantai Myllyoja 20.00-21.30<br \/>Tiistai Pitk\u00e4kangas 19.00-20.30<br \/>Perjantai Myllyoja 19:30-21.00<\/p>\n<p><strong>M2010 WHITE (U16 POJAT)<br \/><\/strong>P\u00e4\u00e4valmentaja: Andra\u017e Ravnikar 0442438991<br \/>WhatsApp: +386 41 219 583<\/p>\n<p>Maanantai Rajakyl\u00e4 16.15-18.00<br \/>Keskiviikko Ouluhalli 17.30-19.30 (ensimm\u00e4inen tunti kuntosali)<br \/>Torstai J\u00e4\u00e4li 18.30-20.00<br \/>Perjantai Tuira 16.30-17.30<\/p>\n<p><strong>M2011 WHITE (U15 POJAT)<br \/><\/strong>P\u00e4\u00e4valmentaja: Robi Tolonen 0409346650<\/p>\n<p>Maanantai Tuira 19.00-20.15<br \/>Tiistai J\u00e4\u00e4li 18.00-19.00<br \/>Keskiviikko Rajakyl\u00e4 19.00-20.30<br \/>Perjantai Rajakyl\u00e4 16.00-17.30<\/p>\n<p><strong>M2012-2013 WHITE (U14 POJAT KILPA)<br \/><\/strong>P\u00e4\u00e4valmentaja: Jussi Eskola onmkyp12@gmail.com<\/p>\n<p>Maanantai J\u00e4\u00e4li 18.00-19.30<br \/>Keskiviikko Rajakyl\u00e4 17.30-19.00<br \/>Torstai H\u00f6ntt\u00e4m\u00e4ki 16.00-17.00<br \/>Perjantai H\u00f6ntt\u00e4m\u00e4ki 16.00-18.00<\/p>\n<p><strong>M2012-2013 PINK (U14 POJAT)<br \/><\/strong>P\u00e4\u00e4valmentaja: Joona Inkala 0401484339<\/p>\n<p>Maanantai Tuira 17.45-19.00<br \/>Tiistai Myllyoja 17.15-18.30<br \/>Perjantai Myllyoja 18.00-19.30<\/p>\n<p><strong>M2012-2013 RED (U14 POJAT)<br \/><\/strong>P\u00e4\u00e4valmentaja: Sakari Alanen 0504301162<\/p>\n<p>Tiistai Myllyoja 16.00-17.15<br \/>Keskiviikko Rajakyl\u00e4 16.15-17.30<br \/>Perjantai Myllyoja 17.00-18.00<\/p>\n<p><strong>M2014-2015 (U12 POJAT)<br \/><\/strong>P\u00e4\u00e4valmentaja: Ermelinda Gashi 0406852581<\/p>\n<p>Maanantai Kv. koulu 19.00-20.00<br \/>Keskiviikko Tuira 19.30-20.30<br \/>Torstai Kv. Koulu 19.00-20.00<\/p>\n<p><strong>M2016-2017 (U10 POJAT)<br \/><\/strong>P\u00e4\u00e4valmentaja: Joona Inkala 0401484339<\/p>\n<p>Maanantai Kastelli 17.30-18.30<br \/>Keskiviikko Maikkula ya 18.00-19.00<\/p>\n<p><strong>Supermikrot 2018 syntyneet ja nuoremmat<br \/><\/strong>P\u00e4\u00e4valmentaja: Ermelinda Gashi 0406852581Maanantai<\/p>\n<p>Kastelli 16.30-17.30 (puolet salista)<\/p>\n<p>[\/et_pb_text][et_pb_text _builder_version=&#8221;4.27.4&#8243; background_size=&#8221;initial&#8221; background_position=&#8221;top_left&#8221; background_repeat=&#8221;repeat&#8221; width=&#8221;100%&#8221; custom_padding=&#8221;0px|0px||||&#8221; use_border_color=&#8221;off&#8221; global_colors_info=&#8221;{}&#8221;]<\/p>\n<p><strong>Harjoituspaikkojen osoitteet:<\/strong><\/p>\n<p>Kastellin monitoimitalo: Sairaalanrinne 5, 90220 Oulu<\/p>\n<p>Ouluhalli: Ouluhallintie 20, 90130 Oulu<br \/>Luovin liikuntahalli Kis\u00e4lli: Salmelantie 3, 90100 Oulu<br \/>Myllyojan koulu: Karvarinaukio 15, 90650 Oulu<br \/>Rajakyl\u00e4n yl\u00e4aste: Ruiskukkatie 4-6, 90580 Oulu<br \/>Oulun Kansainv\u00e4linen koulu: Kasarmintie 4, 90130 Oulu<br \/>Maikkulan yl\u00e4aste: Jatulikivenkatu 3, 90240 Oulu<br \/>Pitk\u00e4kankaan koulu: Opintie 6, 90460 Oulu<br \/>Raatin liikuntakeskus: Raatintie 2, 90100 Oulu<br \/>Tuiran monitoimitalo: Koskitie 27, 90500 Oulu<\/p>\n<p>&nbsp;<\/p>\n<p><strong>Lue harjoitusvuorotaulukkoa n\u00e4in:<\/strong><\/p>\n<p>Esim. &#8221;M2006 White&#8221; tarkoittaa vuonna 2006 syntyneiden poikien (M=Men) kilpajoukkuetta. Vastaavasti &#8221;W2008-10 Red&#8221; tarkoittaa vuosina 2008-2010 syntyneiden tytt\u00f6jen (W=Women) harrastejoukkuetta.<\/p>\n<p>Listassa on my\u00f6nnetyt salivuorot. Harjoitusaikoihin voi tulla lis\u00e4ksi tukiharjoituksia, jotka tapahtuvat treenien alussa tai lopussa salissa, k\u00e4yt\u00e4v\u00e4ll\u00e4 tai pihalla. Saatte tarkemmat tiedot harjoitusten sis\u00e4ll\u00f6st\u00e4 joukkueen valmentajilta.<\/p>\n<p>[\/et_pb_text][\/et_pb_column][\/et_pb_row][et_pb_row _builder_version=&#8221;4.16&#8243; background_size=&#8221;initial&#8221; background_position=&#8221;top_left&#8221; background_repeat=&#8221;repeat&#8221; global_colors_info=&#8221;{}&#8221;][et_pb_column type=&#8221;4_4&#8243; _builder_version=&#8221;4.16&#8243; custom_padding=&#8221;|||&#8221; global_colors_info=&#8221;{}&#8221; custom_padding__hover=&#8221;|||&#8221;][et_pb_divider color=&#8221;#000000&#8243; disabled_on=&#8221;on|on|off&#8221; _builder_version=&#8221;4.27.4&#8243; hide_on_mobile=&#8221;on&#8221; global_colors_info=&#8221;{}&#8221;][\/et_pb_divider][\/et_pb_column][\/et_pb_row][\/et_pb_section][et_pb_section fb_built=&#8221;1&#8243; _builder_version=&#8221;4.27.4&#8243; _module_preset=&#8221;default&#8221; custom_padding=&#8221;1px|||||&#8221; global_module=&#8221;8195&#8243; collapsed=&#8221;off&#8221; global_colors_info=&#8221;{}&#8221;][et_pb_row column_structure=&#8221;1_4,1_4,1_4,1_4&#8243; _builder_version=&#8221;4.16&#8243; background_size=&#8221;initial&#8221; background_position=&#8221;top_left&#8221; background_repeat=&#8221;repeat&#8221; global_colors_info=&#8221;{}&#8221;][et_pb_column type=&#8221;1_4&#8243; _builder_version=&#8221;4.16&#8243; custom_padding=&#8221;|||&#8221; global_colors_info=&#8221;{}&#8221; custom_padding__hover=&#8221;|||&#8221;][et_pb_text admin_label=&#8221;Osoite&#8221; _builder_version=&#8221;4.27.4&#8243; background_size=&#8221;initial&#8221; background_position=&#8221;top_left&#8221; background_repeat=&#8221;repeat&#8221; use_border_color=&#8221;off&#8221; border_style=&#8221;solid&#8221; global_colors_info=&#8221;{}&#8221;]<\/p>\n<p><strong>Osoite:<br \/><\/strong>Raatintie 7<br \/>90100 Oulu<\/p>\n<p>[\/et_pb_text][\/et_pb_column][et_pb_column type=&#8221;1_4&#8243; _builder_version=&#8221;4.16&#8243; custom_padding=&#8221;|||&#8221; global_colors_info=&#8221;{}&#8221; custom_padding__hover=&#8221;|||&#8221;][et_pb_text admin_label=&#8221;Yhteystiedot&#8221; _builder_version=&#8221;4.27.4&#8243; background_size=&#8221;initial&#8221; background_position=&#8221;top_left&#8221; background_repeat=&#8221;repeat&#8221; use_border_color=&#8221;off&#8221; border_style=&#8221;solid&#8221; global_colors_info=&#8221;{}&#8221;]<\/p>\n<p><strong>Yhteydenotot<br \/><\/strong>koripallo@onmky.fi<\/p>\n<p>[\/et_pb_text][\/et_pb_column][et_pb_column type=&#8221;1_4&#8243; _builder_version=&#8221;4.16&#8243; custom_padding=&#8221;|||&#8221; global_colors_info=&#8221;{}&#8221; custom_padding__hover=&#8221;|||&#8221;][et_pb_text admin_label=&#8221;Instagram&#8221; _builder_version=&#8221;4.27.4&#8243; background_size=&#8221;initial&#8221; background_position=&#8221;top_left&#8221; background_repeat=&#8221;repeat&#8221; use_border_color=&#8221;off&#8221; border_style=&#8221;solid&#8221; global_colors_info=&#8221;{}&#8221;]<\/p>\n<p><strong>Instagram<\/strong><br \/>@ynnikoripallo<\/p>\n<p>[\/et_pb_text][\/et_pb_column][et_pb_column type=&#8221;1_4&#8243; _builder_version=&#8221;4.16&#8243; custom_padding=&#8221;|||&#8221; global_colors_info=&#8221;{}&#8221; custom_padding__hover=&#8221;|||&#8221;][et_pb_text admin_label=&#8221;Yhteisty\u00f6kumppani&#8221; _builder_version=&#8221;4.27.4&#8243; background_size=&#8221;initial&#8221; background_position=&#8221;top_left&#8221; background_repeat=&#8221;repeat&#8221; use_border_color=&#8221;off&#8221; border_style=&#8221;solid&#8221; locked=&#8221;off&#8221; global_colors_info=&#8221;{}&#8221;]<\/p>\n<p><strong>Yhteisty\u00f6kumppani<\/strong><br \/><img loading=\"lazy\" decoding=\"async\" class=\"alignleft wp-image-3923\" src=\"http:\/\/onmky.fi\/osastot\/koripallo\/blog\/wp-content\/uploads\/2017\/02\/Stadium_logo.svg_-1.png\" alt=\"Stadium_logo.svg\" width=\"154\" height=\"30\" \/><\/p>\n<p>[\/et_pb_text][\/et_pb_column][\/et_pb_row][\/et_pb_section]<\/p>\n","protected":false},"excerpt":{"rendered":"<p>Harjoitusajat ja -paikat Muutokset mahdollisia, ajankohtaiset harjoitukset l\u00f6yd\u00e4t MyClubista.\u00a0https:\/\/onmky.myclub.fi\/TYT\u00d6T W2007-2009 WHITE (U19&amp;U17 TYT\u00d6T KILPA)P\u00e4\u00e4valmentaja: Jani Kilponen 0405431132 ja Stefano Rezzonico 0400848200 Tiistai Rajakyl\u00e4 17.15-19.00Keskiviikko Kastelli 16.30-18.30 (lopussa kuntosaliharjoitus)Perjantai Rajakyl\u00e4 19.00-20.30 W2007-10 RED (U17 TYT\u00d6T HARRASTE)P\u00e4\u00e4valmentaja: Stefano Rezzonico 0400848200 Keskiviikko Kastelli 16.30-18.30Torstai Raatti 19.00-20.15Perjantai Rajakyl\u00e4 19.00-20.30 W2011-2012 WHITE (U15 TYT\u00d6T KILPA)P\u00e4\u00e4valmentaja: Henna Jussila 044 3799808 Maanantai [&hellip;]<\/p>\n","protected":false},"author":86,"featured_media":0,"parent":0,"menu_order":4,"comment_status":"open","ping_status":"open","template":"","meta":{"_et_pb_use_builder":"on","_et_pb_old_content":"<h1>Joukkueiden harjoitusajat<\/h1><p>\u2013 Alta l\u00f6ytyv\u00e4t joukkueiden harjoitusajat. Huomaa, ett\u00e4 harjoitusajat ovat kahdessa osassa: 1) 8.-21.8. ja 2) 22.8.2016-30.4.2017.<\/p><p>\u2013 C-, B- ja A-junioreiden harjoituksiin kuuluu usein nk. tukiharjoitus. T\u00e4m\u00e4 on salin ulkopuolella tapahtuvaa harjoittelua (k\u00e4yt\u00e4v\u00e4ss\u00e4 tai ulkona). Harjoitusaikataulukosta ilmenee kuuluko harjoitukseen tukiharjoitusta ja onko se harjoituksen alussa vai lopussa.<\/p><p>\u2013 Koripalloharjoitusten varustus: shortsit, t-paita, sis\u00e4pelikeng\u00e4t, juomapullo ja koripallo.<\/p><p>- C-pojat harjoittelevat samassa harjoitusryhm\u00e4s (C-pojat White) ma 29.8. asti. Tiistaista 30.8. eteenp\u00e4in ryhm\u00e4 jaetaan kahteen joukkueeseen: White ja Red.<\/p><p>- Minipoikien lauantain harjoitus Koskelan koululla k\u00e4ynnistyy la 3.9.<\/p><p>\u2013 Kaikki koripallotoimintaan liittyv\u00e4t kysymykset voit esitt\u00e4\u00e4 seuran nuorisop\u00e4\u00e4llikk\u00f6 Mika Lustigille, puh. 044-0202228 (ark.klo 12.00-16.00) ja mika.lustig(at)onmky.fi<\/p><h2>\u00a0<\/h2><div dir=\"ltr\">\u00a0<\/div><h2>Harjoitusajat 22.8.2016-30.4.2017<\/h2><p><strong><span style=\"font-size: 9.0pt; font-family: 'Verdana',sans-serif; color: black;\">FUBA (jalkapallo tyt\u00f6t ja pojat, synt. 2006-2009)<\/span><\/strong><\/p><p><span style=\"font-size: 9.0pt; font-family: 'Verdana',sans-serif; color: black;\">- Harjoitukset jatkuvat 1.9. saakka<br \/>Ti 16.30-17.45 Hiirosen jalkapallokentt\u00e4 2<br \/>To 16.30-17.45 Hiirosen jalkapallokentt\u00e4 2<\/span><\/p><p><strong>Mikropojat (synt. 2007-2009)<\/strong><br \/>Ke 16.30-17.30 Karjasilta (lohko 1)<br \/>Pe 17.00-18.00 Kansainv\u00e4linen koulu<\/p><p><strong>Mikrotyt\u00f6t (synt. 2007-2009)<\/strong><br \/>Ke 16.30-17.30 Karjasilta (lohko 2)<br \/>To 18.00-19.00 Myllyojan koulu<\/p><p><strong>Minipojat (synt. 2005-2006)<\/strong><br \/>Ma 19.00-20.00 Kansainv\u00e4linen koulu<br \/>To 19.00-20.00 Myllyojan (lohko 1)<br \/>La 10.00-11.00 Myllyojan koulu<\/p><p><strong>Minityt\u00f6t (synt. 2005-2006)<\/strong><br \/>Ti 19.00-20.00 Kansainv\u00e4linen koulu<br \/>To 19.00-20.00 Myllyoja (lohko 2)<br \/>La 11.00-12.00 Myllyojan koulu<\/p><p><strong>C-pojat White (synt. 2003-2004)<\/strong><br \/>Ma 18.45 -20.30 Karjasilta<br \/>Ti\u00a017.30-19.30 Maikkulan yl\u00e4aste<br \/>To 16.30-18.15 Karjasilta<\/p><p><strong>C-pojat Red (synt. 2003-2004)<\/strong><br \/>Ma 18.00-20.00 Myllyoja<br \/>Ti 19.30-21.00 Kansainv\u00e4linen koulu<br \/>La 12.00-14.00 Koskelan koulu<\/p><p><strong>C-tyt\u00f6t (synt. 2003-2004)<\/strong><br \/>Ti 16.30-18.30 Karjasilta<br \/>To 17.15-19.00 Karjasilta<br \/>Pe 17.00-19.00 Maikkulan yl\u00e4aste<\/p><p style=\"margin: 0cm; margin-bottom: .0001pt; line-height: 18.0pt; background: white; orphans: auto; widows: 1; -webkit-text-stroke-width: 0px; word-spacing: 0px;\"><strong>B-tyt\u00f6t (synt. 2001-2002)<\/strong><br \/>Ma 16.30-18.30 Karjasillan koulu (lopussa 30 min tukiharjoitus)<br \/>Ke 18.15-20.00 Karjasillan koulu (alussa 30 min tukiharjoitus)<br \/>Pe 18.30-20.15 Karjasillan koulu (alussa 30 min tukiharjoitus)<br \/>+ Viikonloppuna yksi harjoitus. Ilmoitetaan pelaajille aina erikseen.<\/p><p><strong>B-pojat (synt. 2001-2002)<\/strong><br \/>Ma 16.30-18.15 Urheilutalo (lopussa 30 min tukiharjoitus)<br \/>Ti 17.30-19.30 Karjasillan koulu (alussa 30 min tukiharjoitus)<br \/>Pe 17.15-19.00 Karjasillan koulu (alussa 30 min tukiharjoitus)<br \/>+ Viikonloppuna yksi harjoitus. Ilmoitetaan pelaajille aina erikseen.<\/p><p><strong>A-tyt\u00f6t\/Naisten edustusjoukkue<\/strong><br \/>Ti 19.00-21.00 Karjasillan koulu (alussa 30 min tukiharjoitus)<br \/>Ke 17.00-18.45 Karjasillan koulu (alussa 30 min tukiharjoitus)<br \/>To 20.00-22.00 Karjasillan koulu (alussa 30 min tukiharjoitus)<\/p><p><strong>A-pojat\/Miehet II<\/strong><br \/>Ma 17.30-19.15 Karjasillan koulu (alussa 30 min tukiharjoitus)<br \/>Ke 19.45-21.30 Urheilutalo (alussa 30 min tukiharjoitus)<br \/>Pe 16.30-18.15 Karjasillan (alussa 30 min tukiharjoitus)<\/p><p style=\"margin: 0cm; margin-bottom: .0001pt; line-height: 18.0pt; background: white; orphans: auto; widows: 1; -webkit-text-stroke-width: 0px; word-spacing: 0px;\">HARJOITUSPAIKAT<\/p><p>Karjasillan koulu: Lintulammentie 7, 90150 Oulu<\/p><p>Tuiran koulu: Koskitie 27, 90500 Oulu<\/p><p>Hiirosen jalkapallokentt\u00e4 2:\u00a0Urheilupuistontie, 90250 Oulu<\/p><p>Urheilutalo: Rantakatu 15, 90120 Oulu<\/p><p>Maikkulan yl\u00e4aste: Maikkulanraitti 11, 90240 Oulu<\/p><p>Myllyojan koulu: Karvarinaukia 15, 90650 Oulu<\/p><p>Kaukovainion koulu: Hiirihaukantie 4, 90250 Oulu<\/p>","_et_gb_content_width":"","footnotes":""},"class_list":["post-52","page","type-page","status-publish","hentry"],"_links":{"self":[{"href":"https:\/\/onmky.fi\/osastot\/koripallo\/blog\/wp-json\/wp\/v2\/pages\/52","targetHints":{"allow":["GET"]}}],"collection":[{"href":"https:\/\/onmky.fi\/osastot\/koripallo\/blog\/wp-json\/wp\/v2\/pages"}],"about":[{"href":"https:\/\/onmky.fi\/osastot\/koripallo\/blog\/wp-json\/wp\/v2\/types\/page"}],"author":[{"embeddable":true,"href":"https:\/\/onmky.fi\/osastot\/koripallo\/blog\/wp-json\/wp\/v2\/users\/86"}],"replies":[{"embeddable":true,"href":"https:\/\/onmky.fi\/osastot\/koripallo\/blog\/wp-json\/wp\/v2\/comments?post=52"}],"version-history":[{"count":439,"href":"https:\/\/onmky.fi\/osastot\/koripallo\/blog\/wp-json\/wp\/v2\/pages\/52\/revisions"}],"predecessor-version":[{"id":8934,"href":"https:\/\/onmky.fi\/osastot\/koripallo\/blog\/wp-json\/wp\/v2\/pages\/52\/revisions\/8934"}],"wp:attachment":[{"href":"https:\/\/onmky.fi\/osastot\/koripallo\/blog\/wp-json\/wp\/v2\/media?parent=52"}],"curies":[{"name":"wp","href":"https:\/\/api.w.org\/{rel}","templated":true}]}}