{"id":8647,"date":"2025-08-12T11:00:48","date_gmt":"2025-08-12T08:00:48","guid":{"rendered":"https:\/\/onmky.fi\/osastot\/koripallo\/blog\/?page_id=8647"},"modified":"2026-04-24T10:31:55","modified_gmt":"2026-04-24T07:31:55","slug":"harrastuksen-lopettaminen","status":"publish","type":"page","link":"https:\/\/onmky.fi\/osastot\/koripallo\/blog\/harrastuksen-lopettaminen\/","title":{"rendered":"Harrastuksen lopettaminen"},"content":{"rendered":"<p>[et_pb_section fb_built=&#8221;1&#8243; _builder_version=&#8221;4.27.4&#8243; _module_preset=&#8221;default&#8221; global_colors_info=&#8221;{}&#8221;][et_pb_row _builder_version=&#8221;4.27.4&#8243; _module_preset=&#8221;default&#8221; global_colors_info=&#8221;{}&#8221;][et_pb_column type=&#8221;4_4&#8243; _builder_version=&#8221;4.27.4&#8243; _module_preset=&#8221;default&#8221; global_colors_info=&#8221;{}&#8221;][et_pb_text _builder_version=&#8221;4.27.4&#8243; _module_preset=&#8221;default&#8221; header_font_size=&#8221;26px&#8221; header_2_font_size=&#8221;22px&#8221; hover_enabled=&#8221;0&#8243; global_colors_info=&#8221;{}&#8221; sticky_enabled=&#8221;0&#8243;]<\/p>\n<h1>Koripalloharrastuksen lopettaminen<\/h1>\n<p>Ilmoittautuessasi mukaan YMCA Oulun koripallotoimintaan sitoudut maksamaan toimintamaksun kuukausieri\u00e4, kunnes ilmoitat lopettamisesta. Ilmoita lopettaminen alla olevan ohjeistuksen mukaisesti. <strong>Huom! Pelkk\u00e4 valmentajalle ilmoittaminen ei katkaise laskustusta.<\/strong><\/p>\n<p>1. L\u00e4het\u00e4 lopettamisilmoitus s\u00e4hk\u00f6postilla: <a href=\"mailto:koripallo@onmky.fi\">koripallo@onmky.fi<\/a><br \/>2. Lis\u00e4\u00e4 s\u00e4hk\u00f6postiviestiin pelaajan nimi, sek\u00e4 joukkue, jossa h\u00e4n on pelannut<br \/>3. Halutessasi voit kertoa lopettamisen syyn (vapaaehtoinen tieto), t\u00e4m\u00e4 auttaa meit\u00e4 kehitt\u00e4m\u00e4\u00e4n toimintaamme<\/p>\n<p>Irtisanomisaika on yksi kalenterikuukausi. T\u00e4m\u00e4 tarkoittaa, ett\u00e4 lopettamisilmoitusta seuraavan kuukauden toimintamaksu veloitetaan viel\u00e4 kokonaisuudessaan. T\u00e4m\u00e4n ajan pelaaja voi osallistua harjoituksiin.<\/p>\n<p>Kaikki avoimet laskut tulee maksaa, riippumatta pelaajan harjoitusaktiivisuudesta.<\/p>\n<h2>Harrastuksen lopettaminen kes\u00e4n ajaksi<\/h2>\n<p data-start=\"156\" data-end=\"266\">Saamme usein kysymyksi\u00e4 siit\u00e4, voiko harrastuksen (ja laskutuksen) keskeytt\u00e4\u00e4 kes\u00e4n ajaksi ja jatkaa syksyll\u00e4.<\/p>\n<p data-start=\"268\" data-end=\"473\">Harjoitteluun osallistumisen osalta t\u00e4m\u00e4 on mahdollista, mutta sill\u00e4 ei ole vaikutusta koko kauden toimintamaksuun. Toimintamaksu m\u00e4\u00e4r\u00e4ytyy koko kauden mukaan, eik\u00e4 sit\u00e4 voi tauottaa kes\u00e4kuukausien ajaksi. Laskutus p\u00e4\u00e4ttyy ainoastaan, mik\u00e4li pelaaja tekee lopettamisilmoituksen ohjeistuksen mukaisesti.<\/p>\n<p data-start=\"573\" data-end=\"754\">Mik\u00e4li pelaaja tekee lopettamisilmoituksen toukokuussa ja palaa toimintaan elokuussa, katsotaan harrastuksen jatkuneen keskeytyksett\u00e4. T\u00e4ll\u00f6in veloitetaan koko kauden toimintamaksu.<\/p>\n<p>[\/et_pb_text][\/et_pb_column][\/et_pb_row][et_pb_row column_padding_mobile=&#8221;on&#8221; module_class=&#8221; et_pb_row_fullwidth&#8221; _builder_version=&#8221;4.27.4&#8243; background_size=&#8221;initial&#8221; background_position=&#8221;top_left&#8221; background_repeat=&#8221;repeat&#8221; width=&#8221;94%&#8221; width_tablet=&#8221;80%&#8221; width_phone=&#8221;&#8221; width_last_edited=&#8221;on|desktop&#8221; max_width=&#8221;94%&#8221; max_width_tablet=&#8221;80%&#8221; max_width_phone=&#8221;&#8221; max_width_last_edited=&#8221;on|desktop&#8221; custom_padding=&#8221;50px||||false|false&#8221; make_fullwidth=&#8221;on&#8221; locked=&#8221;off&#8221; global_colors_info=&#8221;{}&#8221;][et_pb_column type=&#8221;4_4&#8243; _builder_version=&#8221;4.16&#8243; custom_padding=&#8221;|||&#8221; global_colors_info=&#8221;{}&#8221; custom_padding__hover=&#8221;|||&#8221;][et_pb_divider color=&#8221;#000000&#8243; _builder_version=&#8221;4.16&#8243; hide_on_mobile=&#8221;off&#8221; global_colors_info=&#8221;{}&#8221;]<br \/>\n[\/et_pb_divider][\/et_pb_column][\/et_pb_row][\/et_pb_section][et_pb_section fb_built=&#8221;1&#8243; _builder_version=&#8221;4.27.4&#8243; _module_preset=&#8221;default&#8221; custom_padding=&#8221;1px|||||&#8221; global_module=&#8221;8195&#8243; locked=&#8221;off&#8221; collapsed=&#8221;off&#8221; global_colors_info=&#8221;{}&#8221;][et_pb_row column_structure=&#8221;1_4,1_4,1_4,1_4&#8243; _builder_version=&#8221;4.16&#8243; background_size=&#8221;initial&#8221; background_position=&#8221;top_left&#8221; background_repeat=&#8221;repeat&#8221; global_colors_info=&#8221;{}&#8221;][et_pb_column type=&#8221;1_4&#8243; _builder_version=&#8221;4.16&#8243; custom_padding=&#8221;|||&#8221; global_colors_info=&#8221;{}&#8221; custom_padding__hover=&#8221;|||&#8221;][et_pb_text admin_label=&#8221;Osoite&#8221; _builder_version=&#8221;4.16&#8243; background_size=&#8221;initial&#8221; background_position=&#8221;top_left&#8221; background_repeat=&#8221;repeat&#8221; use_border_color=&#8221;off&#8221; border_style=&#8221;solid&#8221; global_colors_info=&#8221;{}&#8221;]<\/p>\n<p><strong>Osoite:<\/strong><\/p>\n<p>Raatintie 7<br \/>90100 Oulu<\/p>\n<p>[\/et_pb_text][\/et_pb_column][et_pb_column type=&#8221;1_4&#8243; _builder_version=&#8221;4.16&#8243; custom_padding=&#8221;|||&#8221; global_colors_info=&#8221;{}&#8221; custom_padding__hover=&#8221;|||&#8221;][et_pb_text admin_label=&#8221;Yhteystiedot&#8221; _builder_version=&#8221;4.27.4&#8243; background_size=&#8221;initial&#8221; background_position=&#8221;top_left&#8221; background_repeat=&#8221;repeat&#8221; use_border_color=&#8221;off&#8221; border_style=&#8221;solid&#8221; global_colors_info=&#8221;{}&#8221;]<\/p>\n<p><strong>Yhteydenotot<\/strong><\/p>\n<p>koripallo@onmky.fi<\/p>\n<p>[\/et_pb_text][\/et_pb_column][et_pb_column type=&#8221;1_4&#8243; _builder_version=&#8221;4.16&#8243; custom_padding=&#8221;|||&#8221; global_colors_info=&#8221;{}&#8221; custom_padding__hover=&#8221;|||&#8221;][et_pb_text admin_label=&#8221;Yhteisty\u00f6kumppani&#8221; _builder_version=&#8221;4.16&#8243; background_size=&#8221;initial&#8221; background_position=&#8221;top_left&#8221; background_repeat=&#8221;repeat&#8221; use_border_color=&#8221;off&#8221; border_style=&#8221;solid&#8221; global_colors_info=&#8221;{}&#8221;]<strong>Yhteisty\u00f6kumppani<\/strong><br \/>\n<img loading=\"lazy\" decoding=\"async\" class=\"alignleft wp-image-3923\" src=\"http:\/\/onmky.fi\/osastot\/koripallo\/blog\/wp-content\/uploads\/2017\/02\/Stadium_logo.svg_-1.png\" alt=\"Stadium_logo.svg\" width=\"154\" height=\"30\" \/>[\/et_pb_text][\/et_pb_column][et_pb_column type=&#8221;1_4&#8243; _builder_version=&#8221;4.16&#8243; custom_padding=&#8221;|||&#8221; global_colors_info=&#8221;{}&#8221; custom_padding__hover=&#8221;|||&#8221;][et_pb_text admin_label=&#8221;Facebook&#8221; _builder_version=&#8221;4.27.4&#8243; background_size=&#8221;initial&#8221; background_position=&#8221;top_left&#8221; background_repeat=&#8221;repeat&#8221; use_border_color=&#8221;off&#8221; border_style=&#8221;solid&#8221; global_colors_info=&#8221;{}&#8221;][\/et_pb_text][\/et_pb_column][\/et_pb_row][\/et_pb_section]<\/p>\n","protected":false},"excerpt":{"rendered":"<p>Koripalloharrastuksen lopettaminen Ilmoittautuessasi mukaan YMCA Oulun koripallotoimintaan sitoudut maksamaan toimintamaksun kuukausieri\u00e4, kunnes ilmoitat lopettamisesta. Ilmoita lopettaminen alla olevan ohjeistuksen mukaisesti. Huom! Pelkk\u00e4 valmentajalle ilmoittaminen ei katkaise laskustusta. 1. L\u00e4het\u00e4 lopettamisilmoitus s\u00e4hk\u00f6postilla: koripallo@onmky.fi2. Lis\u00e4\u00e4 s\u00e4hk\u00f6postiviestiin pelaajan nimi, sek\u00e4 joukkue, jossa h\u00e4n on pelannut3. Halutessasi voit kertoa lopettamisen syyn (vapaaehtoinen tieto), t\u00e4m\u00e4 auttaa meit\u00e4 kehitt\u00e4m\u00e4\u00e4n toimintaamme Irtisanomisaika [&hellip;]<\/p>\n","protected":false},"author":82,"featured_media":0,"parent":0,"menu_order":0,"comment_status":"closed","ping_status":"closed","template":"","meta":{"_et_pb_use_builder":"on","_et_pb_old_content":"","_et_gb_content_width":"","footnotes":""},"class_list":["post-8647","page","type-page","status-publish","hentry"],"_links":{"self":[{"href":"https:\/\/onmky.fi\/osastot\/koripallo\/blog\/wp-json\/wp\/v2\/pages\/8647","targetHints":{"allow":["GET"]}}],"collection":[{"href":"https:\/\/onmky.fi\/osastot\/koripallo\/blog\/wp-json\/wp\/v2\/pages"}],"about":[{"href":"https:\/\/onmky.fi\/osastot\/koripallo\/blog\/wp-json\/wp\/v2\/types\/page"}],"author":[{"embeddable":true,"href":"https:\/\/onmky.fi\/osastot\/koripallo\/blog\/wp-json\/wp\/v2\/users\/82"}],"replies":[{"embeddable":true,"href":"https:\/\/onmky.fi\/osastot\/koripallo\/blog\/wp-json\/wp\/v2\/comments?post=8647"}],"version-history":[{"count":10,"href":"https:\/\/onmky.fi\/osastot\/koripallo\/blog\/wp-json\/wp\/v2\/pages\/8647\/revisions"}],"predecessor-version":[{"id":8825,"href":"https:\/\/onmky.fi\/osastot\/koripallo\/blog\/wp-json\/wp\/v2\/pages\/8647\/revisions\/8825"}],"wp:attachment":[{"href":"https:\/\/onmky.fi\/osastot\/koripallo\/blog\/wp-json\/wp\/v2\/media?parent=8647"}],"curies":[{"name":"wp","href":"https:\/\/api.w.org\/{rel}","templated":true}]}}