{"id":8946,"date":"2026-05-04T14:29:23","date_gmt":"2026-05-04T11:29:23","guid":{"rendered":"https:\/\/onmky.fi\/osastot\/koripallo\/blog\/?page_id=8946"},"modified":"2026-05-11T06:22:43","modified_gmt":"2026-05-11T03:22:43","slug":"juniorit","status":"publish","type":"page","link":"https:\/\/onmky.fi\/osastot\/koripallo\/blog\/juniorit\/","title":{"rendered":"Juniorit"},"content":{"rendered":"<p>[et_pb_section fb_built=&#8221;1&#8243; _builder_version=&#8221;4.16&#8243; global_colors_info=&#8221;{}&#8221;][et_pb_row _builder_version=&#8221;4.16&#8243; background_size=&#8221;initial&#8221; background_position=&#8221;top_left&#8221; background_repeat=&#8221;repeat&#8221; global_colors_info=&#8221;{}&#8221;][et_pb_column type=&#8221;4_4&#8243; _builder_version=&#8221;4.16&#8243; custom_padding=&#8221;|||&#8221; global_colors_info=&#8221;{}&#8221; custom_padding__hover=&#8221;|||&#8221;][et_pb_text admin_label=&#8221;Joukkueet&#8221; _builder_version=&#8221;4.27.4&#8243; background_size=&#8221;initial&#8221; background_position=&#8221;top_left&#8221; background_repeat=&#8221;repeat&#8221; global_colors_info=&#8221;{}&#8221;]<\/p>\n<h4>JOUKKUEET KAUDELLE 2026-27<\/h4>\n<p>Alla on listattuna kauden 26-27 joukkueet ja niiden valmentajat.<\/p>\n<p>Valmennustiimej\u00e4 t\u00e4ydennet\u00e4\u00e4n viel\u00e4 kes\u00e4n aikana syksy\u00e4 kohden.<\/p>\n<p>[\/et_pb_text][\/et_pb_column][\/et_pb_row][et_pb_row column_structure=&#8221;1_2,1_2&#8243; _builder_version=&#8221;4.27.4&#8243; _module_preset=&#8221;default&#8221; global_colors_info=&#8221;{}&#8221;][et_pb_column type=&#8221;1_2&#8243; _builder_version=&#8221;4.27.4&#8243; _module_preset=&#8221;default&#8221; global_colors_info=&#8221;{}&#8221;][et_pb_text admin_label=&#8221;Pojat&#8221; _builder_version=&#8221;4.27.4&#8243; _module_preset=&#8221;default&#8221; hover_enabled=&#8221;0&#8243; global_colors_info=&#8221;{}&#8221; sticky_enabled=&#8221;0&#8243;]<\/p>\n<p><strong>U19 pojat White<\/strong> <strong>(s. 2008-10)<\/strong><br \/>P\u00e4\u00e4valmentaja: Andra\u017e Ravnikar (p. 044 243 8991, WhatsApp: p. +386 41 219 583)<br \/>Valmentaja: Tuukka Levi\u00e4kangas<\/p>\n<p><strong>U18 pojat Red<\/strong> <strong>(s. 2009-11)<br \/><\/strong>P\u00e4\u00e4valmentaja: Aapo H\u00e4kli (p. 044 5291301)<\/p>\n<p><strong>U16 pojat White<\/strong> <strong>(s. 2011)<\/strong><br \/>P\u00e4\u00e4valmentaja: Tuukka Levi\u00e4kangas (p. 040\u00a0934 2977)<br \/>Valmentaja: Andra\u017e Ravnikar<\/p>\n<p><strong>U15 pojat White<\/strong> <strong>(s. 2012)<\/strong><br \/>P\u00e4\u00e4valmentaja: Jussi Eskola (<a href=\"mailto:onmkyp12@gmail.com\">onmkyp12@gmail.com<\/a>)<br \/>Valmentaja: Petteri Amee<\/p>\n<p><strong>U15 pojat Red<\/strong> <strong>(s. 2012-14)<\/strong><br \/>P\u00e4\u00e4valmentaja: Sakari Alanen<br \/>Valmentaja: Joona Inkala (p. 040 148 4339)<br \/>Valmentaja: Nuutti Lokki<\/p>\n<p><strong>U14 pojat White <\/strong><strong>(s. 2013-14)<\/strong><br \/>P\u00e4\u00e4valmentaja: Joona Inkala (p. 040\u00a0148 4339)<br \/>Valmentaja: Nuutti Lokki<\/p>\n<p><strong>U14 pojat Pink<\/strong> <strong>(s. 2013-14)<\/strong><br \/>P\u00e4\u00e4valmentaja: Joona Inkala (p. 040 148 4339)<br \/>Valmentaja: Edward Sergin-Kishlar<\/p>\n<p><strong>U12 pojat (s. 2015-16)<\/strong><br \/>P\u00e4\u00e4valmentaja: Ermelinda Gashi (p. 040\u00a0685 2581)<br \/>Valmentaja: Stefano Rezzonico<br \/>Valmentaja: Toni Tr\u00f6g<\/p>\n<p><strong>U10 pojat (s. 2017-18)<br \/><\/strong>P\u00e4\u00e4valmentaja: Ermelinda Gashi (p. 040\u00a0685 2581)<br \/>Valmentaja: Stefano Rezzonico<\/p>\n<p><strong>U8 supermikrot (2019-20)<br \/><\/strong>P\u00e4\u00e4valmentaja: Stefano Rezzonico (p. 040\u00a0084 8200)<br \/>Valmentaja: Anni Pietola<\/p>\n<p>[\/et_pb_text][\/et_pb_column][et_pb_column type=&#8221;1_2&#8243; _builder_version=&#8221;4.27.4&#8243; _module_preset=&#8221;default&#8221; global_colors_info=&#8221;{}&#8221;][et_pb_text admin_label=&#8221;Tyt\u00f6t&#8221; _builder_version=&#8221;4.27.4&#8243; _module_preset=&#8221;default&#8221; global_colors_info=&#8221;{}&#8221;]<\/p>\n<p><strong>U19 tyt\u00f6t (s. 2008-10)<\/strong><br \/>P\u00e4\u00e4valmentaja: Stefano Rezzonico (p. 040\u00a0084 8200)<br \/>Valmentaja: Joona Inkala<br \/>Valmentaja: Andra\u017e Ravnikar<\/p>\n<p><strong>U16 (s. 2011-12)<\/strong><br \/>P\u00e4\u00e4valmentaja: Jani Kilponen (p. 040\u00a0543 1132)<br \/>Valmentaja: Henna Jussila<br \/>Valmentaja: Rosa Ylimartimo<\/p>\n<p><strong>U14 (s. 2013-14)<\/strong><br \/>P\u00e4\u00e4valmentaja: Andra\u017e Ravnikar (p. 044\u00a0243 8991, WhatsApp: p. +386 41 219\u00a0583)<br \/>Valmentaja: Lumia T\u00f6rm\u00e4nen<\/p>\n<p><strong>U12 ja U10 tyt\u00f6t:<\/strong><br \/>P\u00e4\u00e4valmentaja: Stefano Rezzonico (p. 040\u00a0084 8200)<br \/>Valmentaja: Anni Pietola<br \/>Valmentaja: Aapo H\u00e4kli<\/p>\n<p><strong>U8 supermikrot (2019-20)<br \/><\/strong>P\u00e4\u00e4valmentaja: Stefano Rezzonico (p. 040\u00a0084 8200)<br \/>Valmentaja: Anni Pietola<\/p>\n<p>[\/et_pb_text][\/et_pb_column][\/et_pb_row][\/et_pb_section]<\/p>\n","protected":false},"excerpt":{"rendered":"<p>JOUKKUEET KAUDELLE 2026-27 Alla on listattuna kauden 26-27 joukkueet ja niiden valmentajat. Valmennustiimej\u00e4 t\u00e4ydennet\u00e4\u00e4n viel\u00e4 kes\u00e4n aikana syksy\u00e4 kohden.U19 pojat White (s. 2008-10)P\u00e4\u00e4valmentaja: Andra\u017e Ravnikar (p. 044 243 8991, WhatsApp: p. +386 41 219 583)Valmentaja: Tuukka Levi\u00e4kangas U18 pojat Red (s. 2009-11)P\u00e4\u00e4valmentaja: Aapo H\u00e4kli (p. 044 5291301) U16 pojat White (s. 2011)P\u00e4\u00e4valmentaja: Tuukka Levi\u00e4kangas (p. [&hellip;]<\/p>\n","protected":false},"author":95,"featured_media":0,"parent":0,"menu_order":0,"comment_status":"closed","ping_status":"closed","template":"","meta":{"_et_pb_use_builder":"on","_et_pb_old_content":"<p>Valmentaja<\/p>","_et_gb_content_width":"","footnotes":""},"class_list":["post-8946","page","type-page","status-publish","hentry"],"_links":{"self":[{"href":"https:\/\/onmky.fi\/osastot\/koripallo\/blog\/wp-json\/wp\/v2\/pages\/8946","targetHints":{"allow":["GET"]}}],"collection":[{"href":"https:\/\/onmky.fi\/osastot\/koripallo\/blog\/wp-json\/wp\/v2\/pages"}],"about":[{"href":"https:\/\/onmky.fi\/osastot\/koripallo\/blog\/wp-json\/wp\/v2\/types\/page"}],"author":[{"embeddable":true,"href":"https:\/\/onmky.fi\/osastot\/koripallo\/blog\/wp-json\/wp\/v2\/users\/95"}],"replies":[{"embeddable":true,"href":"https:\/\/onmky.fi\/osastot\/koripallo\/blog\/wp-json\/wp\/v2\/comments?post=8946"}],"version-history":[{"count":14,"href":"https:\/\/onmky.fi\/osastot\/koripallo\/blog\/wp-json\/wp\/v2\/pages\/8946\/revisions"}],"predecessor-version":[{"id":9040,"href":"https:\/\/onmky.fi\/osastot\/koripallo\/blog\/wp-json\/wp\/v2\/pages\/8946\/revisions\/9040"}],"wp:attachment":[{"href":"https:\/\/onmky.fi\/osastot\/koripallo\/blog\/wp-json\/wp\/v2\/media?parent=8946"}],"curies":[{"name":"wp","href":"https:\/\/api.w.org\/{rel}","templated":true}]}}